 base 7, what is -1512406 - -5?
-1512401
In base 10, what is 26129 - 107?
26022
In base 4, what is 10 + -233202123?
-233202113
In base 12, what is 28 - 1255?
-1229
In base 9, what is 11240627 - -4?
11240632
In base 10, what is -19 - -2011?
1992
In base 8, what is 2 + 7737?
7741
In base 9, what is -1071 - 1203?
-2274
In base 13, what is 81b0 - -57?
8237
In base 5, what is -2031330 - -40?
-2031240
In base 5, what is 422 - 4?
413
In base 8, what is -3103 - 213?
-3316
In base 2, what is -11 + -101010101101000?
-101010101101011
In base 9, what is 40 + 58231?
58271
In base 14, what is 1 - -bb449?
bb44a
In base 10, what is 41 - 4014?
-3973
In base 6, what is 133 + -120423?
-120250
In base 6, what is 51 + 104353?
104444
In base 14, what is 36402 + -3?
363dd
In base 11, what is -116 + 1741?
1626
In base 15, what is d5 + 16?
eb
In base 3, what is 1121 + 1110012?
1111210
In base 16, what is -4fa - -43?
-4b7
In base 11, what is -6 - -26820?
26815
In base 13, what is 30 + 352?
382
In base 9, what is 361 - -67?
438
In base 12, what is -3b - 5?
-44
In base 10, what is -82 + 1679?
1597
In base 15, what is -1 + -12541e?
-125420
In base 5, what is -4 - -1100111?
1100102
In base 8, what is -3551202 + 0?
-3551202
In base 5, what is 432040 - -4?
432044
In base 16, what is -8af95 + 2?
-8af93
In base 6, what is 30 - -102540?
103010
In base 15, what is -3 + 2b254?
2b251
In base 10, what is -62994 - 0?
-62994
In base 6, what is 131004 - 202?
130402
In base 5, what is -12432 - -4112?
-3320
In base 2, what is 111101011101 + -110101001?
110110110100
In base 13, what is 2 + 16a2?
16a4
In base 12, what is -1865 - -b10?
-955
In base 14, what is -311324 + 5?
-31131d
In base 12, what is -2 + 6b996?
6b994
In base 12, what is 9 + 13761?
1376a
In base 11, what is 5 - 18a619?
-18a614
In base 12, what is 416 + -251?
185
In base 9, what is 185 + 3634?
3830
In base 16, what is -4eff - -4?
-4efb
In base 15, what is -2d9 + 60?
-279
In base 5, what is 14 + 34140?
34204
In base 16, what is -18 - -365?
34d
In base 10, what is -22 + -2566?
-2588
In base 2, what is 110 - -101111100110111011101?
101111100110111100011
In base 16, what is -8a34 + -5a?
-8a8e
In base 8, what is 3 - 202532?
-202527
In base 14, what is -d3a6a5 + -1?
-d3a6a6
In base 16, what is 4 + 31ff2?
31ff6
In base 16, what is 43 + -7c8?
-785
In base 7, what is -101 + 5343?
5242
In base 14, what is -994 + 603?
-391
In base 15, what is 13e - 120?
1e
In base 3, what is -100010120021120 - 1?
-100010120021121
In base 8, what is 253 - -7313?
7566
In base 15, what is -1 + 1374?
1373
In base 7, what is -4 + 125453?
125446
In base 12, what is -19 - -8b627?
8b60a
In base 7, what is 20 + -106136?
-106116
In base 4, what is 31103012 + 0?
31103012
In base 3, what is 10121 - -211000222?
211011120
In base 14, what is 11 - 2921?
-2910
In base 10, what is 2 + -75206?
-75204
In base 2, what is -10101 - 101100110010?
-101101000111
In base 16, what is ac - 1218?
-116c
In base 8, what is -1673 + 25?
-1646
In base 8, what is -7766 + 667?
-7077
In base 2, what is 101 - -100000011011000?
100000011011101
In base 7, what is 25344 + 61?
25435
In base 7, what is 4266 + 13?
4312
In base 10, what is -310 - -5499?
5189
In base 11, what is -21 + -39834?
-39855
In base 13, what is 4 - -a8038?
a803c
In base 7, what is 5 + -64530?
-64522
In base 13, what is -674c + -1?
-6750
In base 14, what is -4 - -73469?
73465
In base 2, what is -1010 + -101010110000?
-101010111010
In base 5, what is -122421 - -20?
-122401
In base 3, what is -12 + 1202011200?
1202011111
In base 9, what is -5 - 20588?
-20604
In base 4, what is -1023113 + 12?
-1023101
In base 5, what is 12 + 11432110?
11432122
In base 2, what is -11 + 110101000001110111?
110101000001110100
In base 13, what is -18071 - -2?
-1806c
In base 7, what is 5 + -5301452?
-5301444
In base 2, what is 1 - 11100000111010111?
-11100000111010110
In base 3, what is -111100110 - 1121?
-111102001
In base 9, what is 4368 + 12?
4381
In base 10, what is -131 + -75?
-206
In base 12, what is 4a - 6306?
-6278
In base 10, what is -1 + -159517?
-159518
In base 11, what is 12 - -190066?
190078
In base 5, what is -20042 - 4?
-20101
In base 12, what is -11 - -16609?
165b8
In base 15, what is 4 + -52e?
-52a
In base 10, what is 236357 + 0?
236357
In base 8, what is -46777 + 4?
-46773
In base 16, what is -2ef + -280?
-56f
In base 14, what is 53a3d + b?
53a4a
In base 11, what is 759 + -657?
102
In base 3, what is -1002020101202 - 22?
-1002020102001
In base 11, what is -13a + 428?
299
In base 8, what is -5610 - -342?
-5246
In base 2, what is 1 + 10001010101?
10001010110
In base 4, what is 10 + 1122032?
1122102
In base 14, what is -4 - -12d16?
12d12
In base 5, what is -102 - -4333?
4231
In base 11, what is -22703 - 5?
-22708
In base 12, what is -62 - b37?
-b99
In base 5, what is 44233 + -44?
44134
In base 7, what is 1 - 25332?
-25331
In base 6, what is 0 - -24221?
24221
In base 13, what is -853060 - 4?
-853064
In base 12, what is 1319 - -954?
2071
In base 4, what is 21123122 + -10?
21123112
In base 4, what is -22123 - -13101?
-3022
In base 7, what is -230322 - 1?
-230323
In base 14, what is -7 + 2a932?
2a929
In base 4, what is -11000003 - -11?
-10333332
In base 5, what is 1313431 - -14?
1314000
In base 11, what is 1096 - -45?
1130
In base 5, what is -24311242 - -1?
-24311241
In base 14, what is -c + 7b4?
7a6
In base 3, what is -211 + 10200112001?
10200111020
In base 13, what is -369 + -7?
-373
In base 9, what is 82 + 8480?
8572
In base 11, what is -2069a66 + 3?
-2069a63
In base 4, what is -321003 + -12?
-321021
In base 14, what is -4 + -6b1bc?
-6b1c2
In base 11, what is 96 - -61?
147
In base 3, what is 220221 + -10110?
210111
In base 14, what is 740 + 33?
773
In base 13, what is -c521 - 3?
-c524
In base 8, what is -1175 + -130?
-1325
In base 16, what is 146 - 204?
-be
In base 6, what is -30020 - -1001?
-25015
In base 15, what is 1c2 + 3b?
20d
In base 14, what is -4 - -1d7bbc?
1d7bb8
In base 10, what is 162 + -25?
137
In base 8, what is 677 - -151?
1050
In base 2, what is 11011100 - -11110011?
111001111
In base 13, what is 1c - 5761?
-5742
In base 12, what is 1 - 65152?
-65151
In base 7, what is -3 - -240316?
240313
In base 3, what is 2 + 22101111222?
22101112001
In base 8, what is -7226 - 574?
-10022
In base 6, what is 1554 + -1?
1553
In base 11, what is -a34a + 96?
-a264
In base 4, what is -1002 - 2?
-1010
In base 7, what is 1543 + 245?
2121
In base 6, what is -335345 + 4?
-335341
In base 14, what is c7246 - -4?
c724a
In base 12, what is -3 + 6742?
673b
In base 10, what is 1350 + -7?
1343
In base 14, what is d3 - -16c8?
17bb
In base 2, what is -10100 + 110001000010010?
110000111111110
In base 16, what is 442f - 4?
442b
In base 14, what is -4 - -4086?
4082
In base 5, what is -10033 + -4042?
-14130
In base 15, what is 592 + 6e8?
c8a
In base 11, what is 10 + -40830?
-40820
In base 16, what is -29 + 3ce?
3a5
In base 16, what is -352 - 181?
-4d3
In base 7, what is -56 - 60643?
-61032
In base 4, what is -311 - -33303?
32332
In base 5, what is -4 + -33022103?
-33022112
In base 8, what is 40 + -7402?
-7342
In base 6, what is 121 - 1421?
-1300
In base 3, what is 222211120 - 110?
222211010
In base 8, what is 204443 - -4?
204447
In base 10, what is -113610 - 10?
-113620
In base 8, what is 1366 - -610?
2176
In base 4, what is -2 + -1113?
-1121
In base 8, what is 35 + -2023?
-1766
In base 12, what is 2 + 3b491?
3b493
In base 10, what is -170 - 1714?
-1884
In base 13, what is 1042 + -8?
1037
In base 5, what is 14 - 2033242?
-2033223
In base 10, what is 6 + 2557?
2563
In base 15, what is -1 - -13c80?
13c7e
In base 11, what is -173 + -22a4?
-2467
In base 14, what is -69 + b0d?
a84
In base 16, what is 407d + -19?
4064
In base 10, what is -160 + 234?
74
In base 12, what is 1 + a822?
a823
In base 12, what is 1 - -31161?
31162
In base 15, what is -1 + 2a18?
2a17
In base 15, what is -1d - 1e4a2?
-1e4c0
In base 15, what is -6 - 77e7?
-77ed
In base 6, what is 153405 + 11?
153420
In base 12, what is -5 + -3886?
-388b
In base 9, what is 2861 + 2503?
5464
In base 4, what is 10 + -20330211?
-20330201
In base 11, what is 1097a - 5?
10975
In base 9, what is -32 + 56346?
56314
In base 8, what is -10 + 14606?
14576
In base 5, what is 243033 - -20?
243103
In base 8, wha